{"id":490,"date":"2025-01-19T21:27:37","date_gmt":"2025-01-19T19:27:37","guid":{"rendered":"https:\/\/justknow.pl\/?page_id=490"},"modified":"2025-10-08T16:27:07","modified_gmt":"2025-10-08T14:27:07","slug":"blog-kadry-i-prawo-pracy","status":"publish","type":"page","link":"https:\/\/justknow.pl\/","title":{"rendered":""},"content":{"rendered":"\n<div class=\"wp-block-cover is-light has-custom-content-position is-position-top-left\"><img fetchpriority=\"high\" decoding=\"async\" width=\"1024\" height=\"724\" class=\"wp-block-cover__image-background wp-image-1274 size-large\" alt=\"\" src=\"https:\/\/justknow.pl\/wp-content\/uploads\/2025\/10\/blog-327073_1280-1024x724.jpg\" data-object-fit=\"cover\" srcset=\"https:\/\/justknow.pl\/wp-content\/uploads\/2025\/10\/blog-327073_1280-1024x724.jpg 1024w, https:\/\/justknow.pl\/wp-content\/uploads\/2025\/10\/blog-327073_1280-300x212.jpg 300w, https:\/\/justknow.pl\/wp-content\/uploads\/2025\/10\/blog-327073_1280-768x543.jpg 768w, https:\/\/justknow.pl\/wp-content\/uploads\/2025\/10\/blog-327073_1280.jpg 1200w\" sizes=\"(max-width: 1024px) 100vw, 1024px\" \/><span aria-hidden=\"true\" class=\"wp-block-cover__background has-background-dim\" style=\"background-color:#dadde1\"><\/span><div class=\"wp-block-cover__inner-container is-layout-constrained wp-block-cover-is-layout-constrained\">\n<p class=\"has-text-align-center has-large-font-size\"><\/p>\n<\/div><\/div>\n\n\n\n<div style=\"height:63px\" aria-hidden=\"true\" class=\"wp-block-spacer\"><\/div>\n\n\n\n<h2 class=\"wp-block-heading has-large-font-size\"><strong><strong>Witaj na moim blogu <\/strong><\/strong><\/h2>\n\n\n\n<h2 class=\"wp-block-heading\"><strong>Prawo pracy, kadry i p\u0142ace<\/strong><\/h2>\n\n\n\n<div style=\"height:82px\" aria-hidden=\"true\" class=\"wp-block-spacer\"><\/div>\n\n\n\n<p class=\"has-medium-font-size\">To miejsce, gdzie trudne przepisy staram si\u0119 przek\u0142ada\u0107 na prosty i zrozumia\u0142y j\u0119zyk. Znajdziesz tu praktyczne wskaz\u00f3wki, odpowiedzi na najcz\u0119stsze pytania i przyk\u0142ady z \u017cycia zawodowego \u2013 interesuj\u0105ce zar\u00f3wno z perspektywy pracodawcy, specjalisty ds. kadr i p\u0142ac, jak i samego pracownika czy zleceniobiorcy.<\/p>\n\n\n\n<p class=\"has-medium-font-size\">Moim celem jest pokazanie, \u017ce prawo pracy nie musi by\u0107 skomplikowane, a odpowiednia wiedza pomaga unikn\u0105\u0107 wielu problem\u00f3w i zadba\u0107 o swoje interesy. <\/p>\n\n\n\n<p class=\"has-medium-font-size\">Je\u015bli interesuj\u0105 Ci\u0119 kwestie zwi\u0105zane z umowami, dokumentacj\u0105 pracownicz\u0105, prawem pracy czy codziennymi obowi\u0105zkami a tak\u017ce przywilejami, kt\u00f3re przys\u0142uguj\u0105 pracownikom \u2013 jeste\u015b w dobrym miejscu.<\/p>\n\n\n\n<p class=\"has-medium-font-size\">Zapraszam do lektury i dzielenia si\u0119 swoimi do\u015bwiadczeniami. Wierz\u0119, \u017ce znajdziesz tu co\u015b dla siebie \u2013 niezale\u017cnie, po kt\u00f3rej stronie umowy jeste\u015b.<\/p>\n\n\n\n<div class=\"wp-block-group is-style-default\"><div class=\"wp-block-group__inner-container is-layout-constrained wp-block-group-is-layout-constrained\">\n<ul class=\"wp-block-list\">\n<li><\/li>\n<\/ul>\n<\/div><\/div>\n\n\n\n<div class=\"wp-block-group is-nowrap is-layout-flex wp-container-core-group-is-layout-e3e06330 wp-block-group-is-layout-flex\">\n<figure class=\"wp-block-image size-full is-resized is-style-rounded\"><img decoding=\"async\" src=\"https:\/\/justknow.pl\/wp-content\/uploads\/2025\/01\/IMG_20250124_1237422-5.jpg\" alt=\"\" class=\"wp-image-784\" style=\"width:227px;height:auto\"\/><\/figure>\n\n\n\n<h2 class=\"wp-block-heading has-medium-font-size\"><strong>Milena Ga\u0142decka<\/strong><\/h2>\n<\/div>\n\n\n\n<p><\/p>\n","protected":false},"excerpt":{"rendered":"<p>Witaj na moim blogu Prawo pracy, kadry i p\u0142ace To miejsce, gdzie trudne przepisy staram si\u0119 przek\u0142ada\u0107 na prosty i zrozumia\u0142y j\u0119zyk. Znajdziesz tu praktyczne wskaz\u00f3wki, odpowiedzi na najcz\u0119stsze pytania i przyk\u0142ady z \u017cycia zawodowego \u2013 interesuj\u0105ce zar\u00f3wno z perspektywy pracodawcy, specjalisty ds. kadr i p\u0142ac, jak i samego pracownika czy zleceniobiorcy. Moim celem jest [&hellip;]<\/p>\n","protected":false},"author":2,"featured_media":0,"parent":0,"menu_order":0,"comment_status":"closed","ping_status":"closed","template":"","meta":{"footnotes":""},"class_list":["post-490","page","type-page","status-publish","hentry"],"yoast_head":"<!-- This site is optimized with the Yoast SEO plugin v27.4 - https:\/\/yoast.com\/product\/yoast-seo-wordpress\/ -->\n<title>- Just know<\/title>\n<meta name=\"description\" content=\"&quot;Blog kadry i prawo pracy \u2013 praktyczne porady, dokumentacja, umowy i wskaz\u00f3wki dla pracodawc\u00f3w, HR i pracownik\u00f3w.&quot;\" \/>\n<meta name=\"robots\" content=\"index, follow, max-snippet:-1, max-image-preview:large, max-video-preview:-1\" \/>\n<link rel=\"canonical\" href=\"https:\/\/justknow.pl\/\" \/>\n<meta property=\"og:locale\" content=\"pl_PL\" \/>\n<meta property=\"og:type\" content=\"article\" \/>\n<meta property=\"og:title\" content=\"- Just know\" \/>\n<meta property=\"og:description\" content=\"&quot;Blog kadry i prawo pracy \u2013 praktyczne porady, dokumentacja, umowy i wskaz\u00f3wki dla pracodawc\u00f3w, HR i pracownik\u00f3w.&quot;\" \/>\n<meta property=\"og:url\" content=\"https:\/\/justknow.pl\/\" \/>\n<meta property=\"og:site_name\" content=\"Just know\" \/>\n<meta property=\"article:modified_time\" content=\"2025-10-08T14:27:07+00:00\" \/>\n<meta property=\"og:image\" content=\"http:\/\/justknow.pl\/wp-content\/uploads\/2025\/10\/blog-327073_1280-1024x724.jpg\" \/>\n<meta name=\"twitter:card\" content=\"summary_large_image\" \/>\n<meta name=\"twitter:label1\" content=\"Szacowany czas czytania\" \/>\n\t<meta name=\"twitter:data1\" content=\"2 minuty\" \/>\n<script type=\"application\/ld+json\" class=\"yoast-schema-graph\">{\"@context\":\"https:\\\/\\\/schema.org\",\"@graph\":[{\"@type\":\"WebPage\",\"@id\":\"https:\\\/\\\/justknow.pl\\\/\",\"url\":\"https:\\\/\\\/justknow.pl\\\/\",\"name\":\"- Just know\",\"isPartOf\":{\"@id\":\"https:\\\/\\\/justknow.pl\\\/#website\"},\"primaryImageOfPage\":{\"@id\":\"https:\\\/\\\/justknow.pl\\\/#primaryimage\"},\"image\":{\"@id\":\"https:\\\/\\\/justknow.pl\\\/#primaryimage\"},\"thumbnailUrl\":\"http:\\\/\\\/justknow.pl\\\/wp-content\\\/uploads\\\/2025\\\/10\\\/blog-327073_1280-1024x724.jpg\",\"datePublished\":\"2025-01-19T19:27:37+00:00\",\"dateModified\":\"2025-10-08T14:27:07+00:00\",\"description\":\"\\\"Blog kadry i prawo pracy \u2013 praktyczne porady, dokumentacja, umowy i wskaz\u00f3wki dla pracodawc\u00f3w, HR i pracownik\u00f3w.\\\"\",\"inLanguage\":\"pl-PL\",\"potentialAction\":[{\"@type\":\"ReadAction\",\"target\":[\"https:\\\/\\\/justknow.pl\\\/\"]}]},{\"@type\":\"ImageObject\",\"inLanguage\":\"pl-PL\",\"@id\":\"https:\\\/\\\/justknow.pl\\\/#primaryimage\",\"url\":\"https:\\\/\\\/justknow.pl\\\/wp-content\\\/uploads\\\/2025\\\/10\\\/blog-327073_1280.jpg\",\"contentUrl\":\"https:\\\/\\\/justknow.pl\\\/wp-content\\\/uploads\\\/2025\\\/10\\\/blog-327073_1280.jpg\",\"width\":1200,\"height\":848},{\"@type\":\"WebSite\",\"@id\":\"https:\\\/\\\/justknow.pl\\\/#website\",\"url\":\"https:\\\/\\\/justknow.pl\\\/\",\"name\":\"Just know\",\"description\":\"po prostu wiedz\",\"publisher\":{\"@id\":\"https:\\\/\\\/justknow.pl\\\/#\\\/schema\\\/person\\\/172bd2c8d386991627c61dd69901d9fd\"},\"potentialAction\":[{\"@type\":\"SearchAction\",\"target\":{\"@type\":\"EntryPoint\",\"urlTemplate\":\"https:\\\/\\\/justknow.pl\\\/?s={search_term_string}\"},\"query-input\":{\"@type\":\"PropertyValueSpecification\",\"valueRequired\":true,\"valueName\":\"search_term_string\"}}],\"inLanguage\":\"pl-PL\"},{\"@type\":[\"Person\",\"Organization\"],\"@id\":\"https:\\\/\\\/justknow.pl\\\/#\\\/schema\\\/person\\\/172bd2c8d386991627c61dd69901d9fd\",\"name\":\"Milena Ga\u0142decka\",\"image\":{\"@type\":\"ImageObject\",\"inLanguage\":\"pl-PL\",\"@id\":\"https:\\\/\\\/justknow.pl\\\/wp-content\\\/uploads\\\/2025\\\/10\\\/cropped-ChatGPT-Image-8-paz-2025-16_13_29.png\",\"url\":\"https:\\\/\\\/justknow.pl\\\/wp-content\\\/uploads\\\/2025\\\/10\\\/cropped-ChatGPT-Image-8-paz-2025-16_13_29.png\",\"contentUrl\":\"https:\\\/\\\/justknow.pl\\\/wp-content\\\/uploads\\\/2025\\\/10\\\/cropped-ChatGPT-Image-8-paz-2025-16_13_29.png\",\"width\":832,\"height\":282,\"caption\":\"Milena Ga\u0142decka\"},\"logo\":{\"@id\":\"https:\\\/\\\/justknow.pl\\\/wp-content\\\/uploads\\\/2025\\\/10\\\/cropped-ChatGPT-Image-8-paz-2025-16_13_29.png\"},\"sameAs\":[\"http:\\\/\\\/justknow.pl\"]}]}<\/script>\n<!-- \/ Yoast SEO plugin. -->","yoast_head_json":{"title":"- Just know","description":"\"Blog kadry i prawo pracy \u2013 praktyczne porady, dokumentacja, umowy i wskaz\u00f3wki dla pracodawc\u00f3w, HR i pracownik\u00f3w.\"","robots":{"index":"index","follow":"follow","max-snippet":"max-snippet:-1","max-image-preview":"max-image-preview:large","max-video-preview":"max-video-preview:-1"},"canonical":"https:\/\/justknow.pl\/","og_locale":"pl_PL","og_type":"article","og_title":"- Just know","og_description":"\"Blog kadry i prawo pracy \u2013 praktyczne porady, dokumentacja, umowy i wskaz\u00f3wki dla pracodawc\u00f3w, HR i pracownik\u00f3w.\"","og_url":"https:\/\/justknow.pl\/","og_site_name":"Just know","article_modified_time":"2025-10-08T14:27:07+00:00","og_image":[{"url":"http:\/\/justknow.pl\/wp-content\/uploads\/2025\/10\/blog-327073_1280-1024x724.jpg","type":"","width":"","height":""}],"twitter_card":"summary_large_image","twitter_misc":{"Szacowany czas czytania":"2 minuty"},"schema":{"@context":"https:\/\/schema.org","@graph":[{"@type":"WebPage","@id":"https:\/\/justknow.pl\/","url":"https:\/\/justknow.pl\/","name":"- Just know","isPartOf":{"@id":"https:\/\/justknow.pl\/#website"},"primaryImageOfPage":{"@id":"https:\/\/justknow.pl\/#primaryimage"},"image":{"@id":"https:\/\/justknow.pl\/#primaryimage"},"thumbnailUrl":"http:\/\/justknow.pl\/wp-content\/uploads\/2025\/10\/blog-327073_1280-1024x724.jpg","datePublished":"2025-01-19T19:27:37+00:00","dateModified":"2025-10-08T14:27:07+00:00","description":"\"Blog kadry i prawo pracy \u2013 praktyczne porady, dokumentacja, umowy i wskaz\u00f3wki dla pracodawc\u00f3w, HR i pracownik\u00f3w.\"","inLanguage":"pl-PL","potentialAction":[{"@type":"ReadAction","target":["https:\/\/justknow.pl\/"]}]},{"@type":"ImageObject","inLanguage":"pl-PL","@id":"https:\/\/justknow.pl\/#primaryimage","url":"https:\/\/justknow.pl\/wp-content\/uploads\/2025\/10\/blog-327073_1280.jpg","contentUrl":"https:\/\/justknow.pl\/wp-content\/uploads\/2025\/10\/blog-327073_1280.jpg","width":1200,"height":848},{"@type":"WebSite","@id":"https:\/\/justknow.pl\/#website","url":"https:\/\/justknow.pl\/","name":"Just know","description":"po prostu wiedz","publisher":{"@id":"https:\/\/justknow.pl\/#\/schema\/person\/172bd2c8d386991627c61dd69901d9fd"},"potentialAction":[{"@type":"SearchAction","target":{"@type":"EntryPoint","urlTemplate":"https:\/\/justknow.pl\/?s={search_term_string}"},"query-input":{"@type":"PropertyValueSpecification","valueRequired":true,"valueName":"search_term_string"}}],"inLanguage":"pl-PL"},{"@type":["Person","Organization"],"@id":"https:\/\/justknow.pl\/#\/schema\/person\/172bd2c8d386991627c61dd69901d9fd","name":"Milena Ga\u0142decka","image":{"@type":"ImageObject","inLanguage":"pl-PL","@id":"https:\/\/justknow.pl\/wp-content\/uploads\/2025\/10\/cropped-ChatGPT-Image-8-paz-2025-16_13_29.png","url":"https:\/\/justknow.pl\/wp-content\/uploads\/2025\/10\/cropped-ChatGPT-Image-8-paz-2025-16_13_29.png","contentUrl":"https:\/\/justknow.pl\/wp-content\/uploads\/2025\/10\/cropped-ChatGPT-Image-8-paz-2025-16_13_29.png","width":832,"height":282,"caption":"Milena Ga\u0142decka"},"logo":{"@id":"https:\/\/justknow.pl\/wp-content\/uploads\/2025\/10\/cropped-ChatGPT-Image-8-paz-2025-16_13_29.png"},"sameAs":["http:\/\/justknow.pl"]}]}},"_links":{"self":[{"href":"https:\/\/justknow.pl\/index.php\/wp-json\/wp\/v2\/pages\/490","targetHints":{"allow":["GET"]}}],"collection":[{"href":"https:\/\/justknow.pl\/index.php\/wp-json\/wp\/v2\/pages"}],"about":[{"href":"https:\/\/justknow.pl\/index.php\/wp-json\/wp\/v2\/types\/page"}],"author":[{"embeddable":true,"href":"https:\/\/justknow.pl\/index.php\/wp-json\/wp\/v2\/users\/2"}],"replies":[{"embeddable":true,"href":"https:\/\/justknow.pl\/index.php\/wp-json\/wp\/v2\/comments?post=490"}],"version-history":[{"count":21,"href":"https:\/\/justknow.pl\/index.php\/wp-json\/wp\/v2\/pages\/490\/revisions"}],"predecessor-version":[{"id":1289,"href":"https:\/\/justknow.pl\/index.php\/wp-json\/wp\/v2\/pages\/490\/revisions\/1289"}],"wp:attachment":[{"href":"https:\/\/justknow.pl\/index.php\/wp-json\/wp\/v2\/media?parent=490"}],"curies":[{"name":"wp","href":"https:\/\/api.w.org\/{rel}","templated":true}]}}